{"id":1722,"date":"2022-12-08T16:37:41","date_gmt":"2022-12-08T16:37:41","guid":{"rendered":"https:\/\/kks-lu.de\/?page_id=1722"},"modified":"2026-01-14T12:25:06","modified_gmt":"2026-01-14T12:25:06","slug":"anmeldung-betreuende-grundschule","status":"publish","type":"page","link":"https:\/\/kks-lu.de\/?page_id=1722","title":{"rendered":"Anmeldung &#8222;Betreuende Grundschule&#8220;"},"content":{"rendered":"<p>Lieb Eltern,<\/p>\n<p>hier finden Sie die n\u00f6tigen Informationen, um Ihr Kind bei der &#8222;Betreuenden Grundschule&#8220; anmelden:<\/p>\n<p><strong>Guten Tag,<\/strong><\/p>\n<p><strong>ab dem Schuljahr 2026\/2027 gilt in ganz Deutschland ein neuer Rechtsanspruch auf ganzt\u00e4gige Betreuung f\u00fcr Grundschulkinder.<\/strong><\/p>\n<p><strong>Derzeit schafft die Stadtverwaltung die rechtlichen Grundlagen f\u00fcr die Umsetzung des Anspruches. Die Satzungen der Kindertagesst\u00e4tten und Horte sowie der Betreuenden Grundschule Plus m\u00fcssen angepasst werden. <\/strong><br \/>\n<strong>Dies soll in der Sitzung des Stadtrates im Februar 2026 geschehen. <\/strong><\/p>\n<p><strong>Eine Anmeldung von Kindern f\u00fcr die Betreuenden Grundschulen Plus ist daher voraussichtlich ab 1. M\u00e4rz 2026 m\u00f6glich. <\/strong><br \/>\n<strong>Die Anmeldung ab dem 01.03.2026 betrifft alle Kinder unabh\u00e4ngig der Klassenstufe und der gew\u00e4hlten Betreuungszeit. Die entsprechenden Online-Anmeldungen sind ab dann wieder auf unserer Homepage verlinkt.<\/strong><\/p>\n<p><strong><u>Wir weisen darauf hin, dass bereits durchgef\u00fchrte Online-Anmeldungen mit Betreuungsbeginn August 2026 nicht ber\u00fccksichtigt werden k\u00f6nnen und bitten um eine erneute Anmeldung nach dem 01.03.2026.<\/u><\/strong><\/p>\n<p><strong>Weitere Informationen vorab k\u00f6nnen Sie unter folgendem Link erhalten:<\/strong><\/p>\n<p><a href=\"https:\/\/ludwigshafen.de\/soziales-gesellschaft\/familien-kinder-und-jugend\/ganztagsfoerderung-fuer-grundschulkinder\"><strong>Ganztagsf\u00f6rderung f\u00fcr Grundschulkinder | Stadtverwaltung Ludwigshafen<\/strong><\/a><\/p>\n","protected":false},"excerpt":{"rendered":"<p>Lieb Eltern, hier finden Sie die n\u00f6tigen Informationen, um Ihr Kind bei der &#8222;Betreuenden Grundschule&#8220; anmelden: Guten Tag, ab dem Schuljahr 2026\/2027 gilt in ganz Deutschland ein neuer Rechtsanspruch auf ganzt\u00e4gige Betreuung f\u00fcr Grundschulkinder. Derzeit schafft die Stadtverwaltung die rechtlichen Grundlagen f\u00fcr die Umsetzung des Anspruches. Die Satzungen der Kindertagesst\u00e4tten &#8230;<\/p>\n","protected":false},"author":1,"featured_media":0,"parent":0,"menu_order":0,"comment_status":"closed","ping_status":"closed","template":"","meta":{"footnotes":""},"class_list":["post-1722","page","type-page","status-publish","hentry"],"_links":{"self":[{"href":"https:\/\/kks-lu.de\/index.php?rest_route=\/wp\/v2\/pages\/1722","targetHints":{"allow":["GET"]}}],"collection":[{"href":"https:\/\/kks-lu.de\/index.php?rest_route=\/wp\/v2\/pages"}],"about":[{"href":"https:\/\/kks-lu.de\/index.php?rest_route=\/wp\/v2\/types\/page"}],"author":[{"embeddable":true,"href":"https:\/\/kks-lu.de\/index.php?rest_route=\/wp\/v2\/users\/1"}],"replies":[{"embeddable":true,"href":"https:\/\/kks-lu.de\/index.php?rest_route=%2Fwp%2Fv2%2Fcomments&post=1722"}],"version-history":[{"count":2,"href":"https:\/\/kks-lu.de\/index.php?rest_route=\/wp\/v2\/pages\/1722\/revisions"}],"predecessor-version":[{"id":2132,"href":"https:\/\/kks-lu.de\/index.php?rest_route=\/wp\/v2\/pages\/1722\/revisions\/2132"}],"wp:attachment":[{"href":"https:\/\/kks-lu.de\/index.php?rest_route=%2Fwp%2Fv2%2Fmedia&parent=1722"}],"curies":[{"name":"wp","href":"https:\/\/api.w.org\/{rel}","templated":true}]}}