{"id":188,"date":"2016-01-28T16:29:33","date_gmt":"2016-01-28T16:29:33","guid":{"rendered":"https:\/\/kks-lu.de\/?page_id=188"},"modified":"2024-02-21T14:36:39","modified_gmt":"2024-02-21T14:36:39","slug":"hausordnungen-fuer-die-karl-kreuter-schule","status":"publish","type":"page","link":"https:\/\/kks-lu.de\/?page_id=188","title":{"rendered":"Hausordnungen f\u00fcr die Karl-Kreuter-Schule"},"content":{"rendered":"<p>Liebe Eltern, hier finden Sie die allgemeine Hausordnung, die an unserer Schule das Miteinander regelt:<\/p>\n<a href=\"https:\/\/kks-lu.de\/wp-content\/uploads\/2024\/02\/H-a-u-s-o-r-d-n-u-n-g-Stand-20-09-12-Aktualisierung_27.08.2021_Original.pdf\" class=\"pdfemb-viewer\" style=\"\" data-width=\"max\" data-height=\"max\" data-toolbar=\"bottom\" data-toolbar-fixed=\"off\">H a u s o r d n u n g - Stand 20 09 12 - Aktualisierung_27.08.2021_Original<\/a>\n<p>\u00a0<\/p>\n<p>F\u00fcr die Kinder der Schule wurde die Hausordnung auf wesentliche Inhalte reduziert. Diese Hausordnung k\u00f6nnen Sie hier downloaden:<\/p>\n<p><a href=\"https:\/\/kks-lu.de\/?attachment_id=190\" rel=\"attachment wp-att-190\">Unsere Hausordnung f\u00fcr Kinder<\/a><\/p>\n<p>\u00a0<\/p>\n\n\n<div class=\"wp-block-file\"><a id=\"wp-block-file--media-55e5f6cf-2157-40ea-8984-960b60d555bc\" href=\"https:\/\/kks-lu.de\/wp-content\/uploads\/2019\/08\/H-a-u-s-o-r-d-n-u-n-g-Stand-20-09-12-aktualisiert-09.08.2019.docx\">Hausordnung<\/a><a href=\"https:\/\/kks-lu.de\/wp-content\/uploads\/2019\/08\/H-a-u-s-o-r-d-n-u-n-g-Stand-20-09-12-aktualisiert-09.08.2019.docx\" class=\"wp-block-file__button wp-element-button\" download aria-describedby=\"wp-block-file--media-55e5f6cf-2157-40ea-8984-960b60d555bc\">Herunterladen<\/a><\/div>\n\n\n\n<p><\/p>\n","protected":false},"excerpt":{"rendered":"<p>Liebe Eltern, hier finden Sie die allgemeine Hausordnung, die an unserer Schule das Miteinander regelt: \u00a0 F\u00fcr die Kinder der Schule wurde die Hausordnung auf wesentliche Inhalte reduziert. Diese Hausordnung k\u00f6nnen Sie hier downloaden: Unsere Hausordnung f\u00fcr Kinder \u00a0<\/p>\n","protected":false},"author":1,"featured_media":0,"parent":0,"menu_order":0,"comment_status":"closed","ping_status":"closed","template":"","meta":{"footnotes":""},"class_list":["post-188","page","type-page","status-publish","hentry"],"_links":{"self":[{"href":"https:\/\/kks-lu.de\/index.php?rest_route=\/wp\/v2\/pages\/188","targetHints":{"allow":["GET"]}}],"collection":[{"href":"https:\/\/kks-lu.de\/index.php?rest_route=\/wp\/v2\/pages"}],"about":[{"href":"https:\/\/kks-lu.de\/index.php?rest_route=\/wp\/v2\/types\/page"}],"author":[{"embeddable":true,"href":"https:\/\/kks-lu.de\/index.php?rest_route=\/wp\/v2\/users\/1"}],"replies":[{"embeddable":true,"href":"https:\/\/kks-lu.de\/index.php?rest_route=%2Fwp%2Fv2%2Fcomments&post=188"}],"version-history":[{"count":9,"href":"https:\/\/kks-lu.de\/index.php?rest_route=\/wp\/v2\/pages\/188\/revisions"}],"predecessor-version":[{"id":1934,"href":"https:\/\/kks-lu.de\/index.php?rest_route=\/wp\/v2\/pages\/188\/revisions\/1934"}],"wp:attachment":[{"href":"https:\/\/kks-lu.de\/index.php?rest_route=%2Fwp%2Fv2%2Fmedia&parent=188"}],"curies":[{"name":"wp","href":"https:\/\/api.w.org\/{rel}","templated":true}]}}